) = -q**3 + 7*q**2 - q + 8. Let o be w(a). Calculate the highest common factor of n and o.
1
Let w(y) = -14*y - 5. Let c be w(-5). Suppose -92 = -3*k - 5*t, -3*k - 3*t + c = -19. Calculate the greatest common divisor of 24 and k.
24
Let c(v) = 14*v**2 + v - 3. Let t be c(4). Calculate the greatest common divisor of t and 25.
25
Suppose -9*y = -13*y + 44. Suppose 0 = -4*f + 5*f + 4*p - 31, f - 2*p - 1 = 0. Calculate the greatest common factor of f and y.
11
Suppose p - 6 = -p. Calculate the greatest common divisor of 39 and p.
3
Let m be (27/(-3))/((-6)/64). What is the greatest common divisor of m and 12?
12
Let r = 110 - 77. Calculate the highest common divisor of 11 and r.
11
Let w(p) = -3*p. Let a be (16/12)/((-2)/(-3)). Suppose c - 4 = q + a*c, 0 = -q + 4*c - 29. Let x be w(q). Calculate the greatest common factor of 18 and x.
9
Suppose 0*q - 4*o = -5*q + 35, 2*q + 2*o - 14 = 0. Let w be (-4)/(-6) - 2/(-6). Calculate the greatest common factor of w and q.
1
Let n = 36 - -34. Let r(p) be the third derivative of p**5/60 + p**4/24 + 7*p**3/3 - p**2. Let i be r(0). Calculate the highest common factor of i and n.
14
Suppose 0*l + 4*q - 112 = -l, -l + 102 = -q. What is the highest common divisor of 13 and l?
13
Let b(u) = u**2 - 2*u + 7. Let w be b(5). Calculate the highest common factor of w and 66.
22
Let a = -6 + 7. Let w(u) = 1 + u + 4 + a - 7. Let i be w(2). Calculate the highest common factor of 5 and i.
1
Let i(g) = -8*g - 12. Let f be i(-3). Calculate the highest common factor of 16 and f.
4
Suppose 74 = 2*h - 88. Let v = 5 - -4. Calculate the highest common factor of v and h.
9
Suppose 4*h - 2*h - 163 = -3*o, 5*h - 400 = -5*o. What is the greatest common factor of 7 and h?
7
Suppose -38 = -4*x + 14. What is the highest common factor of x and 1?
1
Suppose -2*a + 7 = -0*w + 3*w, -16 = -a + w. Calculate the highest common divisor of 99 and a.
11
Let m(r) = r**2 + 2. Let j be m(-4). Let a(z) = z**2 + 4*z + 1. Let h be a(-5). Suppose 0*u = u - h. Calculate the greatest common divisor of j and u.
6
Suppose 4 = -5*k + 6*k. Calculate the greatest common divisor of 36 and k.
4
Let z = 4 + 1. Suppose -o = 5*k - 11, -z*k + o + 22 = 3. Suppose 2 = a - 4. Calculate the highest common divisor of k and a.
3
Let j be -9*(70/3)/5. Let z = j + 130. Let u be (-38)/(-5) + (-6)/(-15). Calculate the greatest common divisor of z and u.
8
Let y = -4 - -5. Suppose a + 5*u + 2 = 0, -2*a + 3 = 5*u + 2. Let k = 14 - a. What is the greatest common factor of y and k?
1
Let a be (5 - -1) + -1 + -1. Suppose a*b + 18 - 206 = 0. Suppose -8 = -3*x + 4*z + z, -2*x + b = 5*z. Calculate the greatest common factor of 11 and x.
11
Let q = -232 - -430. What is the greatest common divisor of 18 and q?
18
Let o = 4 + -4. Suppose 2*l + 25 = -3*a, -2*l + 15 = -5*a - o. Let q(s) = s**2 + 2*s + 3. Let j be q(l). What is the greatest common divisor of 72 and j?
18
Let t = -4 + 16. Let y be 2*(39/6 + -1). Suppose -1 = -4*a + y. Calculate the highest common factor of t and a.
3
Let l = 14 - 10. Suppose 4*u + 41 = -d, 0*u + 10 = -2*u - 4*d. Let p be -4*u*(-2)/(-2). What is the highest common factor of l and p?
4
Let c(t) = 2*t**3 - 3*t**2 - t - 4. Suppose 0 = 4*l + 5*d - 16, 5*d = l - 0*d - 4. Let p be c(l). Calculate the greatest common divisor of 48 and p.
24
Suppose 55 + 9 = 4*y. What is the greatest common divisor of 20 and y?
4
Let y be (-18)/63 - (-1242)/(-14). Let z = y + 125. Calculate the highest common factor of 12 and z.
12
Let y be ((-1)/2)/((-1)/12). Suppose 0 = 5*k + 496 - 1476. Suppose 3*i - k - 2 = 0. What is the greatest common factor of i and y?
6
Let p(u) = -u**3 - 6*u**2 + 4*u - 8. Let r be p(-7). Calculate the greatest common factor of 247 and r.
13
Suppose -2*r + 5 = 1. What is the greatest common divisor of 20 and r?
2
Let f = 22 - 5. Suppose -k - 7 = n, -3*n + k - 18 = 11. Let v be (n/(-6))/((-6)/(-136)). Calculate the highest common factor of f and v.
17
Let z(f) = -f**3 - f**2 + f - 3. Let v be z(-3). Calculate the greatest common factor of 132 and v.
12
Let n be (-6 - -3) + 3 + 17. Suppose 117 = -4*p - 31. Let f = p - -54. Calculate the greatest common factor of n and f.
17
Let o(b) = b**3 - 10*b**2 + 10*b + 9. Let i be o(9). Suppose i = -0*z + z. Let t(q) = 12*q. Let h be t(1). What is the highest common factor of z and h?
6
Let r be (-9)/6*(-10)/3. Suppose 3*k - 120 = -0. What is the greatest common factor of r and k?
5
Let a = 325 - 318. Let b = 62 - 34. Calculate the greatest common factor of b and a.
7
Suppose -2*d + 23 = -17. Suppose 0 = n - 3*n + d. Let q be (-1)/((n/(-4))/5). Calculate the greatest common divisor of q and 22.
2
Let s be 21/49 - 228/(-7). Calculate the highest common factor of 33 and s.
33
Suppose -238 = -4*i - 3*c, -2*c = -2*i - i + 170. What is the greatest common divisor of 29 and i?
29
Let x(d) = 27*d - 70. Let r be x(5). Calculate the highest common factor of r and 5.
5
Let m = -127 + 226. What is the greatest common factor of 11 and m?
11
Let s be 4/3*225/10. Calculate the highest common factor of 20 and s.
10
Let t(d) = 2*d**2 + 4*d + 4. Let o be ((-8)/(-4))/(1/(-2)). Let c be t(o). Calculate the highest common factor of c and 8.
4
Suppose 11*j - 154 = -0*j. Calculate the highest common divisor of 126 and j.
14
Let c be 12/(-7)*(-70)/4. Let x be (-1155)/(-49) - (-3)/7. Let s = -12 + x. What is the greatest common divisor of s and c?
6
Let n = 22 + -18. Calculate the highest common divisor of n and 12.
4
Suppose -3*t + 34 = -d - d, -4*t = -4*d - 52. Let v = t - 6. Suppose 2*r + 3*r - 281 = -v*a, r - 47 = -5*a. What is the greatest common factor of r and 19?
19
Suppose 6 = -2*h + 26. What is the highest common divisor of h and 5?
5
Suppose u - 18 - 1 = -3*j, -3*u - 2*j = -43. What is the highest common divisor of 52 and u?
13
Let m = 133 - 85. What is the greatest common divisor of m and 6?
6
Let z be 6/39 + (-128)/(-13). Suppose 3*m - 114 = -3*l, -5*m = -l - z*m + 30. What is the greatest common factor of l and 16?
8
Let m(y) = y**2 - 4*y + 1. Let b be m(3). Let x be ((-9)/(-2))/(-1)*b. Let t be (-8)/44 + ((-4)/(-22) - -3). Calculate the greatest common factor of t and x.
3
Suppose 88 = 4*f - 2*r, -r = 2*r. Calculate the highest common factor of 2 and f.
2
Let y be (((-30)/(-8))/(15/100))/1. Calculate the highest common factor of 35 and y.
5
Suppose -3*n - 10 = -118. Suppose -g + n = g. Let v = -34 + 88. Calculate the greatest common factor of g and v.
18
Let h(m) = -m**3 - 8*m**2 - 9*m - 8. Let d be h(-7). Calculate the highest common divisor of d and 4.
2
Suppose -5 + 23 = 3*w + r, 3*r = 0. Let u be w/(-24) + (-266)/(-8). What is the greatest common factor of u and 11?
11
Suppose 3*h + 9 = 0, 0 = z - 4*h - 0*h - 21. Suppose -y + 13 = -2*f, 3 = -f + 1. Let o be y/2*132/z. What is the highest common factor of 6 and o?
6
Suppose 3*j = 3*t - 324, -4*j - 11 = 5. Let r be (-2)/(-4) + (-6)/12. Suppose r = 2*n - 11 - 15. What is the greatest common divisor of t and n?
13
Let n = 59 - -1. Calculate the highest common factor of 12 and n.
12
Let i = -68 - -164. Suppose 2*q - i = -0*q. What is the highest common divisor of q and 24?
24
Let r(g) = -g**2 + 3*g + 3. Let u be r(3). Suppose 3*t - 3*o = t + 293, u*o = -t + 169. Calculate the highest common divisor of t and 14.
14
Let j = -17 - -52. Let z = j - -6. Let q = z + 19. What is the greatest common factor of 12 and q?
12
Let j = 15 + -5. Suppose 0 = -2*r - j + 36. What is the highest common factor of 104 and r?
13
Let o(x) be the first derivative of -x**2 - 5*x + 2. Let f be o(-5). What is the highest common factor of f and 5?
5
Suppose 4*s + 4 = -2*c, -5*c + 3*s - 41 = -5. Let v be (-1 - 14/c)*36. What is the highest common factor of 12 and v?
12
Suppose 0 = -i + 2*i + 2*q - 8, 5*i + 2*q = 16. Suppose i*d = n + 10, 5*n = -d - 3*d + 20. What is the greatest common divisor of 5 and d?
5
Suppose 0 = -4*o + 399 + 85. What is the highest common factor of o and 11?
11
Let t(d) = -23*d**3 - 2*d**2 - 6*d - 4. Let o be t(-2). What is the greatest common factor of 23 and o?
23
Let z be 144/4 - (-4 + 5). What is the highest common factor of z and 280?
35
Let t be (-87)/(-21) - (-2)/(-14). Suppose -t*c - c = -15. Suppose -c*m + 25 = k - 120, -2*m + 5*k + 91 = 0. What is the highest common fact